 be i(-9). Calculate the remainder when 4 is divided by (-8)/z*(-12)/16.
1
What is the remainder when ((-12)/18)/((-2)/162) is divided by 19?
16
Let n be -1*(0/(-1) + 25). Let w = 69 + n. Calculate the remainder when w is divided by 15.
14
Suppose -4*q + 18 = 2. Let o = 22 - 38. What is the remainder when 10 is divided by (o/6)/(q/(-6))?
2
Suppose 0 = 5*s + 66 - 211. Let i = -4 + -14. Let t = i + s. Calculate the remainder when t is divided by 4.
3
Suppose 12*m = 950 - 314. Suppose -3*p + 3*r + 69 = 0, -4*p = -5*r - 52 - 45. What is the remainder when m is divided by p?
17
Suppose 0 = -4*o + 7*o. Suppose o = -0*a + a - 46. Let i = -17 + 29. What is the remainder when a is divided by i?
10
What is the remainder when 16/(-24)*(-105)/2 is divided by 6?
5
Suppose 3*v + a = 6*v - 33, 15 = 2*v - 3*a. Let x(k) = k**3 + k**2 - k + 2. Let p be x(4). Let d = p - 44. Calculate the remainder when d is divided by v.
10
Suppose q - 22 = -4*n, 5*q + 6 + 16 = 2*n. Let v = n - 2. Calculate the remainder when 8 is divided by v.
0
Let o = -183 - -264. What is the remainder when o is divided by 28?
25
Suppose -20 = -4*l, h - 36 = -4*l + 24. Suppose -h = -4*t - 0. Calculate the remainder when 18 is divided by t.
8
Let n = 47 - 39. What is the remainder when 28 is divided by n?
4
Let g = 1 - -1. Let m = -25 - -27. What is the remainder when m is divided by g?
0
Let b(z) = -z**3 - 2*z**2 + z + 3. Calculate the remainder when 35 is divided by b(-3).
8
Let l = 1 + 10. What is the remainder when 19 is divided by l?
8
Suppose -4*j + 4*b + 25 = -j, 4*j - b = 42. Suppose 5*y = 6*y - 3*h - 48, 0 = y - h - 44. Calculate the remainder when y is divided by j.
9
Let j(o) = 6*o**2 - 1. Let u be j(1). Let b = u + -11. What is the remainder when 2 + (-40)/(b/3) is divided by 8?
6
Let c(r) = -8*r**2 - r. Let q be c(-1). Let g = 19 + q. What is the remainder when 21 is divided by g?
9
Suppose y - 303 + 79 = -2*v, 2*v + 2*y = 228. Calculate the remainder when v is divided by 38.
34
Let v(r) = -r**3 - 9*r**2 - 10*r - 11. Let g = 13 - -4. What is the remainder when g is divided by v(-8)?
2
Suppose -2*z - 3*q = q + 34, -2*q = 4*z + 50. What is the remainder when 2/z + 570/110 is divided by 3?
2
Let y(j) = -j - 1. Let t(a) = -a**3 + 6*a**2 + a + 3. Let w(u) = -t(u) - 2*y(u). Calculate the remainder when 7 is divided by w(6).
2
Suppose 0 = c - 4*d - 19, 4*c + d + 0*d = 25. Suppose 4 = 4*q - 44. Suppose 3*n + n = q. What is the remainder when c is divided by n?
1
Suppose -5*s + 15 = -4*q, -4*s + 6*q + 3 = q. Suppose 5*o + 10 = -l, -3*o - s + 1 = 2*l. What is the remainder when 6 is divided by 2/3*(l + 6)?
2
Let x(n) = n. Let g be x(3). Calculate the remainder when 45/g*5/3 is divided by 7.
4
What is the remainder when 87 is divided by 154/4 + (9/18)/(-1)?
11
Suppose 3*j - 103 = 41. Suppose m - 153 = -8*m. Calculate the remainder when j is divided by m.
14
Suppose 16 = 2*i - 148. Suppose 5*c = -0*c + 105. What is the remainder when i is divided by c?
19
Let r be 1/(-3) - 80/(-6). What is the remainder when r + (0/(-1) - 0) is divided by (-4 + -1)/(-7 - -6)?
3
Let s = 0 - -2. Let t(c) = -10*c - 19. Let m be t(-4). Suppose -5*x + m = -s*x. Calculate the remainder when 11 is divided by x.
4
Let c be -5 + (-1)/(2/(-4)). Calculate the remainder when (-180)/(-6) - (c - -2) is divided by (-3 + 2)*(-34)/2.
14
Suppose a - 2*a = -2. Suppose -a*x = x + 159. Let d = x + 83. What is the remainder when d is divided by 16?
14
Let l = -7 + 17. What is the remainder when 87 is divided by l?
7
Suppose -95 = -2*o + 2*m + 49, 2*o = -2*m + 128. Calculate the remainder when o is divided by 14.
12
Let x(c) = 11*c - 1. Suppose -5*d + 24 - 9 = 0. Calculate the remainder when x(1) is divided by d.
1
Suppose 2*u = 2*w - 3*u + 46, -3*w - 2*u - 50 = 0. Calculate the remainder when (w - -9)*-1*1 is divided by 6.
3
Let w(b) = 4*b**2 - 6*b - 7. Calculate the remainder when w(6) is divided by 17.
16
What is the remainder when 23 is divided by (16/(-24))/(1/(-18))?
11
Let c = 49 - 19. Let v(g) = -g + 1. Calculate the remainder when c is divided by v(-7).
6
Suppose 3*x - 4*q = 61, 2*q = 5*x - 31 - 80. What is the remainder when x is divided by 13?
10
Let x(u) = -2*u - 1. Let o be x(-3). Suppose 5*s - o = -0*s. Suppose 3 = 5*v - t, 3*v + 0*t - 5*t = -7. Calculate the remainder when v is divided by s.
0
Suppose 1 - 13 = -y. Suppose -36 = -3*h + 5*m, -y = 5*m - m. What is the remainder when h is divided by 3?
1
Let t(p) = -2*p**3 - 1. Let a be t(1). Let z be 0/((-1)/(3/a)). Suppose 3*d = -z*d + 66. What is the remainder when d is divided by 12?
10
Suppose -5*h = 3*z - 56 + 163, h + 4*z = -18. What is the remainder when (-334)/h - (-2)/(-11) is divided by 5?
0
Suppose 0 = 9*k + 19 - 91. Calculate the remainder when (-2)/(1 - 50/46) is divided by k.
7
Let o(c) = -c**3 - c**2 + 3*c + 14. What is the remainder when 94 is divided by o(0)?
10
Let j = -124 - -130. Calculate the remainder when 23 is divided by j.
5
Let f(x) = -2*x + 28. What is the remainder when f(-24) is divided by 21?
13
Let u = 3 - -2. Let x = u + -3. Suppose -5 = -d - 2*a, x*a - 3 = 1. Calculate the remainder when 1 is divided by d.
0
What is the remainder when 60 is divided by 8/(4/(-8)*-1)?
12
Let h = 15 - 8. What is the remainder when 12 is divided by h?
5
Let u = 54 + -13. What is the remainder when 160 is divided by u?
37
Let d(i) be the third derivative of 0*i + 1/12*i**5 - 1/120*i**6 + 0 - 5/6*i**3 + 3*i**2 + 1/8*i**4. What is the remainder when 28 is divided by d(5)?
8
What is the remainder when 38 is divided by (-6)/14 + 73/7?
8
Suppose 10 = 3*r - 5*c, 0 = -5*r + 3*c - 0*c + 22. Suppose 108 = 4*j - 0*j + h, 2*h = r*j - 148. Calculate the remainder when j is divided by 15.
13
Let z(s) = -s**3 - 6*s**2 - 4*s - 7. Let b = -10 + 4. Suppose 5*q = 32 - 2. What is the remainder when z(b) is divided by q?
5
Suppose 6*q - 14 = 2*q + 3*f, 0 = 3*q - 2*f - 10. Calculate the remainder when (24/(-20))/((-4)/(-30)*-3) is divided by q.
1
What is the remainder when 71 is divided by ((-4)/(-6))/(5/135)?
17
Suppose 5*l - 29 = 5*x + 26, -2*x = -l + 7. What is the remainder when l is divided by 9?
6
Suppose -2*q = -6*q + 12. Suppose -46 = -3*k - 5*c, 20 = 2*k - k - q*c. What is the remainder when k is divided by 9?
8
Suppose 0 = 2*b - 12 - 8. What is the remainder when b is divided by 6?
4
Suppose 0*y - 248 = -4*y. Let i(g) = 22*g - 1. Calculate the remainder when y is divided by i(1).
20
Let z(i) = 7*i**2 - 1. What is the remainder when z(-2) is divided by 10?
7
Let f = 35 - 3. Calculate the remainder when 127 is divided by f.
31
What is the remainder when 954/10 - (-2)/(-5) is divided by 24?
23
Let z = 21 - 3. Calculate the remainder when 55 - 7/((-14)/(-4)) is divided by z.
17
Let x be (-1570)/(-8) - 2/8. Suppose -x = -5*n - 26. Suppose -r + n = -4*w, r - w + 4*w = -1. What is the remainder when 27 is divided by r?
13
What is the remainder when (-1*1)/((-12)/492) is divided by 14?
13
Let j be -2 + 3 - (2 - 25). What is the remainder when (j/(-20))/((-2)/60) is divided by 19?
17
Calculate the remainder when ((-2)/(-2))/(10/320) is divided by 12.
8
Suppose 3*y + 3 = 0, 0 = z + 4*y - y - 48. Let f = -1 - -3. Calculate the remainder when z is divided by (f/(-4))/(2/(-52)).
12
Let w = 38 + -1. Suppose -3*t + w = -2. Calculate the remainder when ((-6)/(-4))/((-6)/(-152)) is divided by t.
12
Suppose 2*i + 14 = 3*i. What is the remainder when 41 is divided by i?
13
Suppose -3*h + 72 = 5*g, 38 + 10 = 2*h - g. What is the remainder when 43 is divided by h?
19
Suppose 2 + 19 = 3*l. Suppose -y - 2*c + 4 = 3*c, -5*c = 0. Calculate the remainder when l is divided by y.
3
Let f be -2*(-9)/(-6)*-1. Suppose 8 = -i + f*i. What is the remainder when i is divided by 3?
1
Let r = 8 + -1. Let p(k) = -k**3 + 6*k**2 + 7*k + 4. Let d be p(r). Suppose -d*o + 8 = -0*o. What is the remainder when 2 is divided by o?
0
What is the remainder when -1 + -2 + 5 - -22 is divided by (-117)/(-6)*4/6?
11
Suppose -g - 2*g = -30. Let i = -4 + 23. What is the remainder when i is divided by g?
9
Let u = -18 + 30. Let q(d) = d**3 - 6*d**2 + 6*d - 2. What is the remainder when q(6) is divided by u?
10
Let o(f) = f**3 - 17*f**2 - 15*f - 41. What is the remainder when 73 is divided by o(18)?
8
Suppose -7 = -5*r 